{"id":2540,"date":"2022-05-25T13:11:34","date_gmt":"2022-05-25T13:11:34","guid":{"rendered":"https:\/\/camping-plaisance.com\/?page_id=2540"},"modified":"2026-02-06T09:11:25","modified_gmt":"2026-02-06T09:11:25","slug":"legal-mentions","status":"publish","type":"page","link":"https:\/\/camping-plaisance.com\/index.php\/en\/legal-mentions\/","title":{"rendered":"Legal Mentions"},"content":{"rendered":"<h1>Legal notices<\/h1>\n<h2>Legal notices<\/h2>\n<p>The website www.camping-plaisance.com is the official website of<br \/>Camping *** du Port de Plaisance<br \/>Route de Paris<br \/>80200 PERONNE<br \/>Phone : 03 22 84 19 31<br \/>Fax : 03 22 73 36 37<\/p>\n<p>managed by the Amiens-Picardy &#8211; Hauts de France Chamber of Commerce and Industry<br \/>Service Financier et Moyens G\u00e9n\u00e9raux<br \/>6 boulevard de Belfort<br \/>CS 73902<br \/>80039 AMIENS CEDEX 1<br \/>Tel: 03 22 82 22 00<br \/>www.amiens-picardie.cci.fr<br \/>SIRET N\u00b0 130 013 113 00019<\/p>\n<p>Hosting<br \/>DRI<br \/>Le Grand Courgoult<br \/>72140 ROUEZ<br \/>SIREN NUMBER 439 537 705<\/p>\n<p>Processing of personal data<br \/>The data collected on the site results from the voluntary communication of information when an electronic message is sent. The Camping *** du Port de Plaisance of the Amiens-Picardie &#8211; Hauts de France Chamber of Commerce and Industry keeps this data confidential.<br \/>The Amiens-Picardie &#8211; Hauts de France Chamber of Commerce and Industry undertakes to respect the provisions of the law relating to information technology, files and freedoms (law n\u00b078-17 of 6 January 1978). Consequently, you have the right to access, modify, rectify and delete data concerning you. To exercise this right, please contact the Amiens-Picardie &#8211; Hauts de France Chamber of Commerce and Industry directly via the Contact section.<br \/>Content of the site<br \/>The Camping *** du Port de Plaisance of the Amiens-Picardie &#8211; Hauts de France Chamber of Commerce and Industry provides users of the www.camping-plaisance.com website with available and verified information and tools, but it cannot be held responsible for errors or the unavailability of certain information. The CCIT Amiens-Picardie cannot be held responsible for the hypertext links set up within the framework of this website to other resources on the Internet. We would be grateful if users of the site could inform us of any omissions, errors or corrections by sending an e-mail via the Contact section.<\/p>\n<p>Property<br \/>The general structure, as well as the software, texts, animated or still images, sounds, know-how, drawings, graphics and all other elements making up the www.camping-plaisance.com website are the exclusive property of the Amiens-Picardy &#8211; Hauts de France Chamber of Commerce and Industry&rsquo;s Camping *** du Port de Plaisance. Any total or partial representation of this site, by any means whatsoever, without the express authorisation of the CCI Amiens-Picardie &#8211; Hauts de France, is prohibited and would constitute an infringement punishable by articles L335-2 et seq. of the Intellectual Property Code.<\/p>\n","protected":false},"excerpt":{"rendered":"<p>Legal notices Legal notices The website www.camping-plaisance.com is the official website ofCamping *** du Port de PlaisanceRoute de Paris80200 PERONNEPhone : 03 22 84 19 31Fax : 03 22 73 36 37 managed by the Amiens-Picardy &#8211; Hauts de France Chamber of Commerce and IndustryService Financier et Moyens G\u00e9n\u00e9raux6 boulevard de BelfortCS 7390280039 AMIENS CEDEX [&hellip;]<\/p>\n","protected":false},"author":2,"featured_media":0,"parent":0,"menu_order":0,"comment_status":"closed","ping_status":"closed","template":"elementor_header_footer","meta":{"footnotes":""},"class_list":["post-2540","page","type-page","status-publish","hentry"],"blocksy_meta":{"styles_descriptor":{"styles":{"desktop":"","tablet":"","mobile":""},"google_fonts":[],"version":6}},"yoast_head":"<!-- This site is optimized with the Yoast SEO plugin v27.1.1 - https:\/\/yoast.com\/product\/yoast-seo-wordpress\/ -->\n<title>Legal Mentions | Camping*** du Port de Plaisance<\/title>\n<meta name=\"description\" content=\"Mentions l\u00e9gales relatives \u00e0 toute utilisation du site web du Camping 3 \u00e9toiles du Port de Plaisance situ\u00e9 \u00e0 P\u00e9ronne.\" \/>\n<meta name=\"robots\" content=\"index, follow, max-snippet:-1, max-image-preview:large, max-video-preview:-1\" \/>\n<link rel=\"canonical\" href=\"https:\/\/camping-plaisance.com\/index.php\/en\/legal-mentions\/\" \/>\n<meta property=\"og:locale\" content=\"fr_FR\" \/>\n<meta property=\"og:type\" content=\"article\" \/>\n<meta property=\"og:title\" content=\"Legal Mentions | Camping*** du Port de Plaisance\" \/>\n<meta property=\"og:description\" content=\"Mentions l\u00e9gales relatives \u00e0 toute utilisation du site web du Camping 3 \u00e9toiles du Port de Plaisance situ\u00e9 \u00e0 P\u00e9ronne.\" \/>\n<meta property=\"og:url\" content=\"https:\/\/camping-plaisance.com\/index.php\/en\/legal-mentions\/\" \/>\n<meta property=\"og:site_name\" content=\"Camping*** du Port de Plaisance\" \/>\n<meta property=\"article:publisher\" content=\"https:\/\/www.facebook.com\/camping.peronne\/\" \/>\n<meta property=\"article:modified_time\" content=\"2026-02-06T09:11:25+00:00\" \/>\n<meta property=\"og:image\" content=\"https:\/\/camping-plaisance.com\/wp-content\/uploads\/2022\/01\/CAMPINGDUPORTDEPLAISANCE_Peronne\u00a9Teddy_Henin-10.jpg\" \/>\n\t<meta property=\"og:image:width\" content=\"1620\" \/>\n\t<meta property=\"og:image:height\" content=\"1080\" \/>\n\t<meta property=\"og:image:type\" content=\"image\/jpeg\" \/>\n<meta name=\"twitter:card\" content=\"summary_large_image\" \/>\n<meta name=\"twitter:label1\" content=\"Dur\u00e9e de lecture estim\u00e9e\" \/>\n\t<meta name=\"twitter:data1\" content=\"2 minutes\" \/>\n<script type=\"application\/ld+json\" class=\"yoast-schema-graph\">{\"@context\":\"https:\/\/schema.org\",\"@graph\":[{\"@type\":\"WebPage\",\"@id\":\"https:\/\/camping-plaisance.com\/index.php\/en\/legal-mentions\/\",\"url\":\"https:\/\/camping-plaisance.com\/index.php\/en\/legal-mentions\/\",\"name\":\"Legal Mentions | Camping*** du Port de Plaisance\",\"isPartOf\":{\"@id\":\"https:\/\/camping-plaisance.com\/#website\"},\"datePublished\":\"2022-05-25T13:11:34+00:00\",\"dateModified\":\"2026-02-06T09:11:25+00:00\",\"description\":\"Mentions l\u00e9gales relatives \u00e0 toute utilisation du site web du Camping 3 \u00e9toiles du Port de Plaisance situ\u00e9 \u00e0 P\u00e9ronne.\",\"breadcrumb\":{\"@id\":\"https:\/\/camping-plaisance.com\/index.php\/en\/legal-mentions\/#breadcrumb\"},\"inLanguage\":\"fr-FR\",\"potentialAction\":[{\"@type\":\"ReadAction\",\"target\":[\"https:\/\/camping-plaisance.com\/index.php\/en\/legal-mentions\/\"]}]},{\"@type\":\"BreadcrumbList\",\"@id\":\"https:\/\/camping-plaisance.com\/index.php\/en\/legal-mentions\/#breadcrumb\",\"itemListElement\":[{\"@type\":\"ListItem\",\"position\":1,\"name\":\"Accueil\",\"item\":\"https:\/\/camping-plaisance.com\/\"},{\"@type\":\"ListItem\",\"position\":2,\"name\":\"Legal Mentions\"}]},{\"@type\":\"WebSite\",\"@id\":\"https:\/\/camping-plaisance.com\/#website\",\"url\":\"https:\/\/camping-plaisance.com\/\",\"name\":\"Camping *** du Port de Plaisance\",\"description\":\"La nature dans la ville\",\"publisher\":{\"@id\":\"https:\/\/camping-plaisance.com\/#organization\"},\"potentialAction\":[{\"@type\":\"SearchAction\",\"target\":{\"@type\":\"EntryPoint\",\"urlTemplate\":\"https:\/\/camping-plaisance.com\/?s={search_term_string}\"},\"query-input\":{\"@type\":\"PropertyValueSpecification\",\"valueRequired\":true,\"valueName\":\"search_term_string\"}}],\"inLanguage\":\"fr-FR\"},{\"@type\":\"Organization\",\"@id\":\"https:\/\/camping-plaisance.com\/#organization\",\"name\":\"Camping *** du Port de Plaisance \u00e0 P\u00e9ronne\",\"url\":\"https:\/\/camping-plaisance.com\/\",\"logo\":{\"@type\":\"ImageObject\",\"inLanguage\":\"fr-FR\",\"@id\":\"https:\/\/camping-plaisance.com\/#\/schema\/logo\/image\/\",\"url\":\"https:\/\/camping-plaisance.com\/wp-content\/uploads\/2024\/05\/logo-camping.png\",\"contentUrl\":\"https:\/\/camping-plaisance.com\/wp-content\/uploads\/2024\/05\/logo-camping.png\",\"width\":1003,\"height\":1003,\"caption\":\"Camping *** du Port de Plaisance \u00e0 P\u00e9ronne\"},\"image\":{\"@id\":\"https:\/\/camping-plaisance.com\/#\/schema\/logo\/image\/\"},\"sameAs\":[\"https:\/\/www.facebook.com\/camping.peronne\/\",\"https:\/\/fr.wikipedia.org\/wiki\/Pronne_Somme\"]}]}<\/script>\n<!-- \/ Yoast SEO plugin. -->","yoast_head_json":{"title":"Legal Mentions | Camping*** du Port de Plaisance","description":"Mentions l\u00e9gales relatives \u00e0 toute utilisation du site web du Camping 3 \u00e9toiles du Port de Plaisance situ\u00e9 \u00e0 P\u00e9ronne.","robots":{"index":"index","follow":"follow","max-snippet":"max-snippet:-1","max-image-preview":"max-image-preview:large","max-video-preview":"max-video-preview:-1"},"canonical":"https:\/\/camping-plaisance.com\/index.php\/en\/legal-mentions\/","og_locale":"fr_FR","og_type":"article","og_title":"Legal Mentions | Camping*** du Port de Plaisance","og_description":"Mentions l\u00e9gales relatives \u00e0 toute utilisation du site web du Camping 3 \u00e9toiles du Port de Plaisance situ\u00e9 \u00e0 P\u00e9ronne.","og_url":"https:\/\/camping-plaisance.com\/index.php\/en\/legal-mentions\/","og_site_name":"Camping*** du Port de Plaisance","article_publisher":"https:\/\/www.facebook.com\/camping.peronne\/","article_modified_time":"2026-02-06T09:11:25+00:00","og_image":[{"width":1620,"height":1080,"url":"https:\/\/camping-plaisance.com\/wp-content\/uploads\/2022\/01\/CAMPINGDUPORTDEPLAISANCE_Peronne\u00a9Teddy_Henin-10.jpg","type":"image\/jpeg"}],"twitter_card":"summary_large_image","twitter_misc":{"Dur\u00e9e de lecture estim\u00e9e":"2 minutes"},"schema":{"@context":"https:\/\/schema.org","@graph":[{"@type":"WebPage","@id":"https:\/\/camping-plaisance.com\/index.php\/en\/legal-mentions\/","url":"https:\/\/camping-plaisance.com\/index.php\/en\/legal-mentions\/","name":"Legal Mentions | Camping*** du Port de Plaisance","isPartOf":{"@id":"https:\/\/camping-plaisance.com\/#website"},"datePublished":"2022-05-25T13:11:34+00:00","dateModified":"2026-02-06T09:11:25+00:00","description":"Mentions l\u00e9gales relatives \u00e0 toute utilisation du site web du Camping 3 \u00e9toiles du Port de Plaisance situ\u00e9 \u00e0 P\u00e9ronne.","breadcrumb":{"@id":"https:\/\/camping-plaisance.com\/index.php\/en\/legal-mentions\/#breadcrumb"},"inLanguage":"fr-FR","potentialAction":[{"@type":"ReadAction","target":["https:\/\/camping-plaisance.com\/index.php\/en\/legal-mentions\/"]}]},{"@type":"BreadcrumbList","@id":"https:\/\/camping-plaisance.com\/index.php\/en\/legal-mentions\/#breadcrumb","itemListElement":[{"@type":"ListItem","position":1,"name":"Accueil","item":"https:\/\/camping-plaisance.com\/"},{"@type":"ListItem","position":2,"name":"Legal Mentions"}]},{"@type":"WebSite","@id":"https:\/\/camping-plaisance.com\/#website","url":"https:\/\/camping-plaisance.com\/","name":"Camping *** du Port de Plaisance","description":"La nature dans la ville","publisher":{"@id":"https:\/\/camping-plaisance.com\/#organization"},"potentialAction":[{"@type":"SearchAction","target":{"@type":"EntryPoint","urlTemplate":"https:\/\/camping-plaisance.com\/?s={search_term_string}"},"query-input":{"@type":"PropertyValueSpecification","valueRequired":true,"valueName":"search_term_string"}}],"inLanguage":"fr-FR"},{"@type":"Organization","@id":"https:\/\/camping-plaisance.com\/#organization","name":"Camping *** du Port de Plaisance \u00e0 P\u00e9ronne","url":"https:\/\/camping-plaisance.com\/","logo":{"@type":"ImageObject","inLanguage":"fr-FR","@id":"https:\/\/camping-plaisance.com\/#\/schema\/logo\/image\/","url":"https:\/\/camping-plaisance.com\/wp-content\/uploads\/2024\/05\/logo-camping.png","contentUrl":"https:\/\/camping-plaisance.com\/wp-content\/uploads\/2024\/05\/logo-camping.png","width":1003,"height":1003,"caption":"Camping *** du Port de Plaisance \u00e0 P\u00e9ronne"},"image":{"@id":"https:\/\/camping-plaisance.com\/#\/schema\/logo\/image\/"},"sameAs":["https:\/\/www.facebook.com\/camping.peronne\/","https:\/\/fr.wikipedia.org\/wiki\/Pronne_Somme"]}]}},"_links":{"self":[{"href":"https:\/\/camping-plaisance.com\/index.php\/wp-json\/wp\/v2\/pages\/2540","targetHints":{"allow":["GET"]}}],"collection":[{"href":"https:\/\/camping-plaisance.com\/index.php\/wp-json\/wp\/v2\/pages"}],"about":[{"href":"https:\/\/camping-plaisance.com\/index.php\/wp-json\/wp\/v2\/types\/page"}],"author":[{"embeddable":true,"href":"https:\/\/camping-plaisance.com\/index.php\/wp-json\/wp\/v2\/users\/2"}],"replies":[{"embeddable":true,"href":"https:\/\/camping-plaisance.com\/index.php\/wp-json\/wp\/v2\/comments?post=2540"}],"version-history":[{"count":10,"href":"https:\/\/camping-plaisance.com\/index.php\/wp-json\/wp\/v2\/pages\/2540\/revisions"}],"predecessor-version":[{"id":2984,"href":"https:\/\/camping-plaisance.com\/index.php\/wp-json\/wp\/v2\/pages\/2540\/revisions\/2984"}],"wp:attachment":[{"href":"https:\/\/camping-plaisance.com\/index.php\/wp-json\/wp\/v2\/media?parent=2540"}],"curies":[{"name":"wp","href":"https:\/\/api.w.org\/{rel}","templated":true}]}}